{"id":125,"date":"2016-01-28T09:39:19","date_gmt":"2016-01-28T09:39:19","guid":{"rendered":"http:\/\/www.kgelte.de\/?page_id=125"},"modified":"2023-01-18T13:19:14","modified_gmt":"2023-01-18T13:19:14","slug":"vereinschronik","status":"publish","type":"page","link":"http:\/\/www.kgelte.de\/?page_id=125","title":{"rendered":"Vereinschronik"},"content":{"rendered":"<p>Hier m\u00f6chten wir einen kleinen Einblick in die Geschichte unserer Karnevalsgesellschaft\u00a0geben:<\/p>\n<ul>\n<li style=\"list-style-type: none;\">\n<ul>\n<li>1972 die Karnevalsgesellschaft wird als &#8222;KES Karneval Elte S\u00fcd&#8220; gegr\u00fcndet<\/li>\n<li>1978 die erste Karnevalszeitung erscheint &#8211; Umfang damals 4 Seiten<\/li>\n<li>1981 die KES wird Mitglied bei der <a href=\"http:\/\/www.kgelte.de\/karnevals-union-rheine\">Karnevals-Union-Rheine (KUR)<\/a><\/li>\n<li>1982 die erste Karnevalssitzung findet bei Hillebrand an der Feldkante statt<\/li>\n<li>1985 die KES wird als e.V. in das Vereinsregister eingetragen<\/li>\n<li>1986 die erste eigene Tanzgarde tritt beim Sitzungskarneval im Saale Hillebrand auf<\/li>\n<li>1990 der Rosenmontagszug in Rheine f\u00e4llt wegen Sturm aus<\/li>\n<li>1991 Karneval in Elte und vielen anderen Orten wegen des Irak-Krieges aus<\/li>\n<li>1992 erstmalig feiert die KES im Festzelt auf dem Dorfplatz<\/li>\n<li>1994 die Mitgliederversammlung beschlie\u00dft die Umbennung in Karnevalsgesellschaft Elte kurz KGE<\/li>\n<li>1995 Heinz Schrader wird Ehrenpr\u00e4sident<\/li>\n<li>1995 erstmalig veranstaltet die KGE einen Kinderkarneval<\/li>\n<li>1997 die KGE feiert 25 j\u00e4hriges Jubil\u00e4um<\/li>\n<li>1997 mit David M\u00f6llmann und Nadine Simon kann das erste Kinderprinzenpaar proklamiert werden<\/li>\n<li>1998 Leander Overesch wird als 100. Vereinsmitglied vorgestellt<\/li>\n<li>2001 G\u00fcnter Fege erh\u00e4lt den Harmonie-Orden der KUR<\/li>\n<li>2003 Markus van der Giet erh\u00e4lt den Harmonie-Orden der KUR<\/li>\n<li>2004 im Elter Karneval regiert erstmalig ein Dreigestirn<\/li>\n<li>2004 die KGE nimmt mit einer Fussballmanschaft am neuen Dorfpokal der &#8222;Alten Herren&#8220; teil<\/li>\n<li>2007 &#8222;Wasserversorgung in Elte&#8220; erstmalig steht der Karneval in Elte unter einem einheitlichen Motto. Als Orden wird in diesem Jahr der mittlerweile legend\u00e4re &#8222;Wassereimer&#8220; verliehen.<\/li>\n<li>2012 die KGE feiert 40 j\u00e4hriges Jubil\u00e4um<\/li>\n<li>2013 1. M\u00e4nnerballett-Tunier der KGE<\/li>\n<li>2015 Jens K\u00f6nnig wird Pr\u00e4sident und G\u00fcnter Fege wird Ehrenpr\u00e4sident<\/li>\n<li>2015 die Tanzgarde der KGE feiert Ihr 30 j\u00e4hriges bestehen<\/li>\n<li>2016 wie schon 1990 f\u00e4llt der Rosenmontagszug in Rheine wegen Sturm aus.<\/li>\n<li>2019 Jens K\u00f6nnig erh\u00e4lt den Harmonie-Orden der KUR<\/li>\n<li>2021 und 2022 konnte aufgrund der Corona-Pandemie nicht gefeiert werden<\/li>\n<li>2022 Chrisitina Osterhues wird Pr\u00e4sidentin der KG Elte<\/li>\n<\/ul>\n<\/li>\n<\/ul>\n","protected":false},"excerpt":{"rendered":"<p>Hier m\u00f6chten wir einen kleinen Einblick in die Geschichte unserer Karnevalsgesellschaft\u00a0geben: 1972 die Karnevalsgesellschaft wird als &#8222;KES Karneval Elte S\u00fcd&#8220; gegr\u00fcndet 1978 die erste Karnevalszeitung erscheint &#8211; Umfang damals 4 Seiten 1981 die KES wird Mitglied bei der Karnevals-Union-Rheine (KUR) 1982 die erste Karnevalssitzung findet bei Hillebrand an der Feldkante statt 1985 die KES wird &hellip; <a href=\"http:\/\/www.kgelte.de\/?page_id=125\" class=\"more-link\"><span class=\"screen-reader-text\">Vereinschronik<\/span> weiterlesen <span class=\"meta-nav\">&rarr;<\/span><\/a><\/p>\n","protected":false},"author":1,"featured_media":0,"parent":0,"menu_order":0,"comment_status":"closed","ping_status":"closed","template":"","meta":{"footnotes":""},"class_list":["post-125","page","type-page","status-publish","hentry"],"_links":{"self":[{"href":"http:\/\/www.kgelte.de\/index.php?rest_route=\/wp\/v2\/pages\/125"}],"collection":[{"href":"http:\/\/www.kgelte.de\/index.php?rest_route=\/wp\/v2\/pages"}],"about":[{"href":"http:\/\/www.kgelte.de\/index.php?rest_route=\/wp\/v2\/types\/page"}],"author":[{"embeddable":true,"href":"http:\/\/www.kgelte.de\/index.php?rest_route=\/wp\/v2\/users\/1"}],"replies":[{"embeddable":true,"href":"http:\/\/www.kgelte.de\/index.php?rest_route=%2Fwp%2Fv2%2Fcomments&post=125"}],"version-history":[{"count":12,"href":"http:\/\/www.kgelte.de\/index.php?rest_route=\/wp\/v2\/pages\/125\/revisions"}],"predecessor-version":[{"id":583,"href":"http:\/\/www.kgelte.de\/index.php?rest_route=\/wp\/v2\/pages\/125\/revisions\/583"}],"wp:attachment":[{"href":"http:\/\/www.kgelte.de\/index.php?rest_route=%2Fwp%2Fv2%2Fmedia&parent=125"}],"curies":[{"name":"wp","href":"https:\/\/api.w.org\/{rel}","templated":true}]}}