{"id":134,"date":"2016-01-28T10:01:07","date_gmt":"2016-01-28T10:01:07","guid":{"rendered":"http:\/\/www.kgelte.de\/?page_id=134"},"modified":"2019-11-18T12:24:49","modified_gmt":"2019-11-18T12:24:49","slug":"karnevals-union-rheine","status":"publish","type":"page","link":"http:\/\/www.kgelte.de\/?page_id=134","title":{"rendered":"Karnevals-Union Rheine"},"content":{"rendered":"<p><strong><a href=\"http:\/\/www.karnevals-union-rheine.de\/\" rel=\"attachment wp-att-135\"><img loading=\"lazy\" decoding=\"async\" class=\"alignright size-full wp-image-135\" src=\"http:\/\/www.kgelte.de\/wp-content\/uploads\/2016\/01\/kur-kreis-vereine-300x300.png\" alt=\"kur-kreis-vereine-300x300\" width=\"300\" height=\"300\" srcset=\"http:\/\/www.kgelte.de\/wp-content\/uploads\/2016\/01\/kur-kreis-vereine-300x300.png 300w, http:\/\/www.kgelte.de\/wp-content\/uploads\/2016\/01\/kur-kreis-vereine-300x300-150x150.png 150w\" sizes=\"(max-width: 300px) 100vw, 300px\" \/><\/a>Bereits seit 1981 ist die KG Elte Mitglied der Karnevals-Union Rheine. Dem Dachverband der Karnevalisten in Rheine.<\/strong><\/p>\n<p>Im Jahre 1963 schlossen sich drei Gesellschaften zusammen und bildeten die Karnevals-Union der Stadt Rheine. Heute geh\u00f6ren der KUR 15 Gesellschaften, darunter auch mehrere Tanzgarden und ein Wagenbauverein, an. Das\u00a0Ziel der KUR ist es, gemeinsam das heimatliche Volksbrauchtum Karneval auf traditioneller und ideeller Grundlage zu pflegen und zu f\u00f6rdern.<\/p>\n<p>Die Session beginnt mit dem Auftakt am 11.11. am Falkenhof. J\u00e4hrlich stellt die Karnevals-Union das KUR- und Stadtprinzenpaar und besucht verschiedene Veranstaltungen innerhalb und au\u00dferhalb von Rheine. Nach der Vorstellung des KUR- und Stadtprinzenpaares im Rheiner Ratssaal folgt die Galasitzung in der Stadthalle Rheine, auf der dann die offizielle Proklamation stattfindet. Beim Einzug in die S\u00e4le wird das KUR- und Stadtprinzenpaar vom Standartentr\u00e4ger, dem Pr\u00e4sidium, dem Spielmanns- und Fanfarenzug Aloysius Kiebitzheide und der Tanzgarde des Prinzenpaars begleitet.<\/p>\n<p>Au\u00dferdem pflegt die KUR den Kontakt zu den Karnevalisten unserer Partnerst\u00e4dte Borne und Bernburg. Hieraus ist ersichtlich, welch gro\u00dfes ehrenamtliches Engagement erforderlich ist, um die Ziele der KUR mit den angeschlossenen Vereinen zu erreichen.<\/p>\n<p>Nicht zuletzt durch die Unterst\u00fctzung von Senatoren und Sponsoren, der Stadt Rheine, den Technischen Betrieben Rheine, der Polizei und allen Engagierten und Aktiven ist der Karneval in Rheine eines der gesellschaftlichen Highlights.<\/p>\n<p>Link zur KUR:\u00a0<a href=\"http:\/\/www.karnevals-union-rheine.de\/\">(klick)<\/a><\/p>\n<hr \/>\n<h2><\/h2>\n<h3 class=\"entry-title\">Harmonie-Orden<\/h3>\n<div class=\"csColumn\" data-csstartpoint=\"1\" data-csendpoint=\"450\" data-cswidth=\"46.8%\" data-csid=\"82256de8-87b8-58a3-95ce-398f211d7163\">\n<p><strong>Der Harmonie-Orden ist die h\u00f6chste Auszeichnung der Karnevalisten in Rheine.<\/strong><\/p>\n<\/div>\n<div class=\"csRow\">\n<div class=\"csColumn\" data-csstartpoint=\"1\" data-csendpoint=\"450\" data-cswidth=\"46.8%\" data-csid=\"33628b99-e942-8b40-8a8d-2d33ebf9513d\">\n<p><a href=\"http:\/\/www.karnevals-union-rheine.de\/?page_id=46\" rel=\"attachment wp-att-139\"><img loading=\"lazy\" decoding=\"async\" class=\"alignright wp-image-139\" src=\"http:\/\/www.kgelte.de\/wp-content\/uploads\/2016\/01\/kur-harmonieorden-300x150.jpg\" alt=\"kur-harmonieorden\" width=\"390\" height=\"196\" srcset=\"http:\/\/www.kgelte.de\/wp-content\/uploads\/2016\/01\/kur-harmonieorden-300x150.jpg 300w, http:\/\/www.kgelte.de\/wp-content\/uploads\/2016\/01\/kur-harmonieorden.jpg 980w\" sizes=\"(max-width: 390px) 100vw, 390px\" \/><\/a>Er wird an Personen verliehen, die sich um den Karneval in Rheine besonders verdient gemacht haben. Mit dem Harmonie-Orden sind in der Vergangenheit Karnevalisten und Nicht-Karnevalisten ausgezeichnet worden. Gemeinsam zeichnet es die Tr\u00e4ger des Harmonie-Ordens aus, dass sie sich aktiv f\u00fcr das Zusammenwirken im Karneval eingesetzt haben.<\/p>\n<p><strong>Die KG Elte ist stolz zwei\u00a0Ordenstr\u00e4ger\u00a0in unserer Gesellschaft als Mitgleid begr\u00fc\u00dfen zu d\u00fcrfen. Wir bedanken uns f\u00fcr die aktive Mitarbeit im Vereinsleben der KG Elte.\u00a0<\/strong><\/p>\n<ul>\n<li>2001 G\u00fcnter Fege<\/li>\n<li>2003 Markus van der Giet<\/li>\n<li>2019 Jens K\u00f6nnig<\/li>\n<\/ul>\n<p>Alle Ordenstr\u00e4ger findet Ihr auf den Seiten der KUR <a href=\"http:\/\/www.karnevals-union-rheine.de\/?page_id=46\">(klick)<\/a><\/p>\n<\/div>\n<\/div>\n<hr \/>\n<h3><strong>Stadtprinzenpaar aus den Reihen der KG Elte<\/strong><\/h3>\n<p>In der Session 1996\/1997 wurden die Narren in der Stadt Rheine vom KUR- und Stadtprinzenpaar Markus und Heike van der Giet regiert.<\/p>\n<p>Alle Prinzenpaare\u00a0findet Ihr auf den Seiten der KUR <a href=\"http:\/\/www.karnevals-union-rheine.de\/?page_id=64\">(klick)<\/a><\/p>\n<p><a href=\"http:\/\/www.kgelte.de\/wp-content\/uploads\/2016\/01\/KUR-Prinzenpaar-1996-500x1045.jpg\" rel=\"attachment wp-att-262\"><img loading=\"lazy\" decoding=\"async\" class=\"aligncenter size-full wp-image-262\" src=\"http:\/\/www.kgelte.de\/wp-content\/uploads\/2016\/01\/KUR-Prinzenpaar-1996-500x1045.jpg\" alt=\"KUR-Prinzenpaar-1996-500x1045\" width=\"500\" height=\"1045\" srcset=\"http:\/\/www.kgelte.de\/wp-content\/uploads\/2016\/01\/KUR-Prinzenpaar-1996-500x1045.jpg 500w, http:\/\/www.kgelte.de\/wp-content\/uploads\/2016\/01\/KUR-Prinzenpaar-1996-500x1045-144x300.jpg 144w, http:\/\/www.kgelte.de\/wp-content\/uploads\/2016\/01\/KUR-Prinzenpaar-1996-500x1045-490x1024.jpg 490w\" sizes=\"(max-width: 500px) 100vw, 500px\" \/><\/a><\/p>\n","protected":false},"excerpt":{"rendered":"<p>Bereits seit 1981 ist die KG Elte Mitglied der Karnevals-Union Rheine. Dem Dachverband der Karnevalisten in Rheine. Im Jahre 1963 schlossen sich drei Gesellschaften zusammen und bildeten die Karnevals-Union der Stadt Rheine. Heute geh\u00f6ren der KUR 15 Gesellschaften, darunter auch mehrere Tanzgarden und ein Wagenbauverein, an. Das\u00a0Ziel der KUR ist es, gemeinsam das heimatliche Volksbrauchtum &hellip; <a href=\"http:\/\/www.kgelte.de\/?page_id=134\" class=\"more-link\"><span class=\"screen-reader-text\">Karnevals-Union Rheine<\/span> weiterlesen <span class=\"meta-nav\">&rarr;<\/span><\/a><\/p>\n","protected":false},"author":1,"featured_media":0,"parent":0,"menu_order":0,"comment_status":"closed","ping_status":"closed","template":"","meta":{"footnotes":""},"class_list":["post-134","page","type-page","status-publish","hentry"],"_links":{"self":[{"href":"http:\/\/www.kgelte.de\/index.php?rest_route=\/wp\/v2\/pages\/134"}],"collection":[{"href":"http:\/\/www.kgelte.de\/index.php?rest_route=\/wp\/v2\/pages"}],"about":[{"href":"http:\/\/www.kgelte.de\/index.php?rest_route=\/wp\/v2\/types\/page"}],"author":[{"embeddable":true,"href":"http:\/\/www.kgelte.de\/index.php?rest_route=\/wp\/v2\/users\/1"}],"replies":[{"embeddable":true,"href":"http:\/\/www.kgelte.de\/index.php?rest_route=%2Fwp%2Fv2%2Fcomments&post=134"}],"version-history":[{"count":10,"href":"http:\/\/www.kgelte.de\/index.php?rest_route=\/wp\/v2\/pages\/134\/revisions"}],"predecessor-version":[{"id":455,"href":"http:\/\/www.kgelte.de\/index.php?rest_route=\/wp\/v2\/pages\/134\/revisions\/455"}],"wp:attachment":[{"href":"http:\/\/www.kgelte.de\/index.php?rest_route=%2Fwp%2Fv2%2Fmedia&parent=134"}],"curies":[{"name":"wp","href":"https:\/\/api.w.org\/{rel}","templated":true}]}}